t common factor of 434 and d?
31
Let r(p) = -103*p**3 + 3*p**2 - 35*p - 28. Let m be r(-8). Calculate the greatest common divisor of m and 20.
20
Let r = -2744 - -2776. Calculate the greatest common divisor of 9 and r.
1
Suppose 0 = 5*q + 40, -3*w + 7281 = 4*q - 940. What is the greatest common divisor of 105 and w?
21
Suppose -a = -6*a + 520. Suppose -5*d + 170 = 3*j, -2*j + 0*j + a = d. Suppose 574*r - 285651 = 17475 + 12574. What is the greatest common factor of j and r?
50
Let v = 14723 + -9270. Calculate the highest common divisor of v and 574.
287
Let t(l) = l**3 + 24*l**2 + 23*l - 18. Let q be t(-23). Let v be q/15 - (-992)/10. Calculate the greatest common factor of v and 112.
14
Let d = -336 + 348. Let w(t) = -19*t - 1. Let n be w(-2). Let f = n - 19. What is the greatest common divisor of f and d?
6
Let h = 1162 - 748. Suppose -3*k + 5*k - 816 = -4*w, 2*w - 2*k - h = 0. Calculate the highest common divisor of 41 and w.
41
Let c be (19/(-2))/((1843/114)/(-97)). What is the highest common factor of 152 and c?
19
Let n = 8842 - -6743. Calculate the highest common factor of n and 30.
15
Suppose -10*w + 4*r + 7 = -13*w, 23 = w - 5*r. Let d(m) = 8*m**3 - 3*m**2 + 3*m - 24. Let l be d(w). What is the highest common divisor of 6 and l?
6
Suppose 76*w + 45*w - 317196 = 32*w. What is the greatest common divisor of 180 and w?
36
Suppose j - 91 = 4*f, 4*j - 1159 = 4*f - 831. What is the greatest common factor of 3397 and j?
79
Suppose -117*k = 2051 - 7149 - 5432. What is the greatest common factor of k and 999?
9
Let q(j) = 9*j - 4. Let y be q(5). Suppose -22*i = 2*w - 17*i + 30, -4*i = 0. Let p = w + y. What is the greatest common factor of p and 65?
13
Let m be (-15425)/(-125) - (-12)/20. What is the greatest common factor of m and 5332?
124
Let a(w) = -w**3 - w**2 + 12*w + 4. Let d be a(-4). Calculate the greatest common factor of d and 172.
4
Let f be (-17)/(-4) - (24 - 1330/56). What is the highest common divisor of f and 172?
4
Suppose -235 = -3*o + 311. Let t be o*5/(-40)*-24. What is the highest common divisor of 42 and t?
42
Let l(x) = 505*x - 57. Let c be l(1). What is the greatest common factor of c and 136?
8
Let b(l) = -3*l - 3. Let n be (2/3)/(3/(-54)). Let j be b(n). Let i(y) = y**2 - 7*y + 87. Let k be i(16). Calculate the greatest common factor of j and k.
33
Let i = 454 + -384. Let c be ((-1)/(-2))/((-1)/(-490) + 0). Calculate the greatest common factor of c and i.
35
Let c be 2/2*8 + 2. Let d be 4 + -1 + (27 - -7). Suppose 157 - d = 3*g. Calculate the greatest common divisor of g and c.
10
Let f(p) = -8*p**2 - 8*p + 3. Let r(j) = 17*j**2 + 17*j - 6. Let g(c) = -9*f(c) - 4*r(c). Let w be g(-5). Calculate the highest common factor of w and 7.
7
Suppose 22878 = -9*p - 32*p. Let j = p - -571. Calculate the highest common divisor of j and 416.
13
Let l be 20/(-70) + 0 + 452/14. Let t = -249 - -257. What is the highest common divisor of t and l?
8
Let o(a) = 42 - 8*a + 8*a - a + 3*a. Let w be (-44)/198 - (1 - 169/(-9)). Let f be o(w). Calculate the highest common factor of f and 6.
2
Let g be (1 - 155)*(-32 - 1539/(-54)). What is the highest common factor of g and 147?
49
Let x = 5636 + -5465. Suppose 5*q - 45 = 4*h - 0*h, h - 45 = -5*q. Calculate the greatest common divisor of x and q.
9
Let k be ((-26)/(-6))/(69333/4950 + -14). Calculate the highest common divisor of 1690 and k.
130
Let f = -702 + 401. Let s = f + 306. Calculate the highest common factor of 55 and s.
5
Let g be (1041/(-9))/(11/(-33)) - -3. Let d be (-42)/(-4)*500/g. Suppose 3*w + 2*w + q = 375, -75 = -w - 3*q. Calculate the highest common divisor of w and d.
15
Let o(s) = -86*s + 680. Let m be o(4). Calculate the greatest common divisor of 96 and m.
48
Suppose -5*f + 46 + 14 = 5*j, -4*j + 5*f + 57 = 0. Suppose 9*r + j = 10*r. Let k = 44 - r. What is the highest common factor of 31 and k?
31
Let w = -8945 - -13065. Calculate the highest common factor of 200 and w.
40
Let o be (-689 - 246)/((-5)/3). What is the greatest common factor of o and 33?
33
Suppose -794 = -3*y - 4*t, -2*t + 830 = 3*y - 7*t. Suppose -3211*u + 21070 - 681 = -611*u - 18611. What is the highest common divisor of u and y?
15
Let d be 6/((-64)/34 - -2). Let j = 185564 - 185343. Calculate the highest common divisor of d and j.
17
Let q be 1 + (150/4)/(48/160). Suppose 0 = 22*l - 23*l + 2, w - 2*l - q = 0. What is the highest common factor of 195 and w?
65
Let p(x) = 17*x**2 + 863*x - 114. Let r be p(-51). Calculate the greatest common divisor of 31230 and r.
90
Let k = 1554 + -1027. Calculate the greatest common divisor of 153 and k.
17
Let x be 786/30 - 1/5. Suppose 404 = 6*y + x. Calculate the highest common divisor of y and 147.
21
Let j(w) = w**3 + 27*w**2 - 213*w - 33. Let g be j(9). What is the highest common factor of 357 and g?
21
Suppose -40*m - 125 + 509 = 8*m. Calculate the greatest common divisor of m and 11728.
8
Let s = -12195 + 12243. What is the highest common factor of 282 and s?
6
Let a be 1 - (8/6 - (-95)/(-15)). Let u be (a - (-110)/(-40))/((-1)/(-4)). What is the highest common divisor of 247 and u?
13
Suppose -85*d - 26*d + 983016 = 0. What is the highest common factor of 27 and d?
27
Let g(v) = 2*v + 1. Let k be g(8). Let a be (-17)/68 + 1/(4/1). Suppose -c + s + 70 = a, 21*s - 26*s = -2*c + 146. What is the highest common factor of k and c?
17
Let a(p) = p**2 - 6*p - 6. Let j be a(7). Let q be (0 - j)/(14/(-392)). Calculate the greatest common divisor of 238 and q.
14
Let k(g) = -92*g + 3576. Let l be k(38). Calculate the greatest common divisor of 1740 and l.
20
Let b(t) = -90*t - 1203. Let h be b(-16). What is the highest common factor of h and 632?
79
Suppose 3*m - 210 = -2*m. Suppose 78*d = 151*d - 78*d. Let j(s) = -s**3 - 2*s**2 + 2*s + 14. Let u be j(d). What is the greatest common factor of u and m?
14
Suppose -90*m = 39*m - 1419. Calculate the greatest common divisor of m and 2101.
11
Let u(d) = -d**3 + 8*d**2 + 4*d - 73. Let h be u(4). Calculate the greatest common factor of 427 and h.
7
Suppose 0 = 4*w - m - 486, 3*w + 4*m = 211 + 144. Let s be 33/(-34*87/(-1972)). Calculate the greatest common divisor of w and s.
11
Suppose -w - 12*w + 6*w = 0. Suppose 13 = -f - 3*r + 6*r, 4*r - 20 = w. What is the highest common divisor of 9 and f?
1
Let s be 6/(-45) + (7/(-3) - (-11359)/555). What is the highest common divisor of s and 48?
6
Let z be (-30 - -36) + 6274/2. Suppose 30368 - z = 25*h. What is the highest common divisor of 121 and h?
121
Let d be 4 + 1 - 2 - -2. Suppose -106 + 28 = -y + 3*b, -5*b = -d. Let g be -5 + -8*((-65)/(-20) + -5). What is the highest common factor of y and g?
9
Suppose 10*g = 163 + 87. Suppose 2*u = -s + 32, -3*s + 17 = 3*u - g. Calculate the highest common divisor of u and 18.
18
Suppose -14*r + 17*r + q - 363 = 0, 237 = 2*r - q. Calculate the greatest common factor of r and 120.
120
Let x be ((-1)/2 - (-26)/(-156))/(16/(-215856)). Calculate the greatest common factor of 18 and x.
6
Suppose 4*k - 9264 = 4*o, 1674*k + o - 4623 = 1672*k. Calculate the greatest common divisor of k and 18.
9
Suppose -546*c + 538*c + 32 = 0. Suppose -69 + 9 = -5*n. Let a = n + c. What is the highest common divisor of a and 8?
8
Suppose -a - 32 = -1152. Suppose 16*b = a + 128. Calculate the greatest common factor of b and 65.
13
Let w = -212 + 1069. Let m = 1514 - w. What is the highest common divisor of m and 9?
9
Suppose -p - 5*q = -1080, 12*q - 17*q - 20 = 0. Suppose -19*k - 226 = -p. What is the greatest common divisor of k and 2?
2
Suppose -8*k + 439 = -137. Let j = 18 + 6. Calculate the highest common factor of j and k.
24
Suppose 0*j - 3*j = -4*j. Let n be (j - 21)/(2 + (-76)/36). Let v be 1/(1/42*2). What is the greatest common divisor of v and n?
21
Let j = 14079 + -6007. Calculate the highest common factor of j and 8.
8
Suppose -28*a + 368 = -12*a. Suppose 0*s - 4*s = m - 189, 2*s + 3*m - 107 = 0. What is the highest common factor of s and a?
23
Let s be ((-930)/(-60))/(4/192). What is the highest common factor of s and 96?
24
Suppose 14*v + 124 = 15*v. Suppose -12 = 2*m - v. Calculate the greatest common divisor of 28 and m.
28
Let i(r) = -2*r + 31. Let u(n) = 4*n - 47. Let a(w) = -8*i(w) - 5*u(w). Let z be a(-26). What is the greatest common divi